{"id":2173,"date":"2020-10-14T08:34:59","date_gmt":"2020-10-14T08:34:59","guid":{"rendered":"http:\/\/consulting-expert.pl\/?page_id=2173"},"modified":"2020-11-12T10:43:12","modified_gmt":"2020-11-12T10:43:12","slug":"pliki-cookies","status":"publish","type":"page","link":"https:\/\/consulting-expert.pl\/index.php\/pliki-cookies\/","title":{"rendered":"PLIKI COOKIES"},"content":{"rendered":"\t\t<div data-elementor-type=\"wp-page\" data-elementor-id=\"2173\" class=\"elementor elementor-2173\" data-elementor-settings=\"[]\">\n\t\t\t\t\t\t<div class=\"elementor-inner\">\n\t\t\t\t\t\t\t<div class=\"elementor-section-wrap\">\n\t\t\t\t\t\t\t<section class=\"elementor-section elementor-top-section elementor-element elementor-element-03a7896 elementor-section-boxed elementor-section-height-default elementor-section-height-default\" data-id=\"03a7896\" data-element_type=\"section\">\n\t\t\t\t\t\t<div class=\"elementor-container elementor-column-gap-default\">\n\t\t\t\t\t\t\t<div class=\"elementor-row\">\n\t\t\t\t\t<div class=\"elementor-column elementor-col-100 elementor-top-column elementor-element elementor-element-0277cf9\" data-id=\"0277cf9\" data-element_type=\"column\">\n\t\t\t<div class=\"elementor-column-wrap elementor-element-populated\">\n\t\t\t\t\t\t\t<div class=\"elementor-widget-wrap\">\n\t\t\t\t\t\t<div class=\"elementor-element elementor-element-6210fec elementor-widget elementor-widget-heading\" data-id=\"6210fec\" data-element_type=\"widget\" data-widget_type=\"heading.default\">\n\t\t\t\t<div class=\"elementor-widget-container\">\n\t\t\t<h3 class=\"elementor-heading-title elementor-size-default\">Pliki cookies<\/h3>\t\t<\/div>\n\t\t\t\t<\/div>\n\t\t\t\t<div class=\"elementor-element elementor-element-db97b97 elementor-widget-divider--view-line elementor-widget elementor-widget-divider\" data-id=\"db97b97\" data-element_type=\"widget\" data-widget_type=\"divider.default\">\n\t\t\t\t<div class=\"elementor-widget-container\">\n\t\t\t\t\t<div class=\"elementor-divider\">\n\t\t\t<span class=\"elementor-divider-separator\">\n\t\t\t\t\t\t<\/span>\n\t\t<\/div>\n\t\t\t\t<\/div>\n\t\t\t\t<\/div>\n\t\t\t\t<div class=\"elementor-element elementor-element-eeef72e elementor-align-left elementor-icon-list--layout-traditional elementor-list-item-link-full_width elementor-widget elementor-widget-icon-list\" data-id=\"eeef72e\" data-element_type=\"widget\" data-widget_type=\"icon-list.default\">\n\t\t\t\t<div class=\"elementor-widget-container\">\n\t\t\t\t\t<ul class=\"elementor-icon-list-items\">\n\t\t\t\t\t\t\t<li class=\"elementor-icon-list-item\">\n\t\t\t\t\t\t\t\t\t\t\t<span class=\"elementor-icon-list-icon\">\n\t\t\t\t\t\t\t<i aria-hidden=\"true\" class=\"fas fa-check-circle\"><\/i>\t\t\t\t\t\t<\/span>\n\t\t\t\t\t\t\t\t\t\t<span class=\"elementor-icon-list-text\">pliki cookies (tzw. \u201eciasteczka\u201d) stanowi\u0105 dane informatyczne, w szczeg\u00f3lno\u015bci pliki tekstowe, kt\u00f3re przechowywane s\u0105 w urz\u0105dzeniu ko\u0144cowym u\u017cytkownika Strony internetowej i przeznaczone s\u0105 do korzystania z niej. Pliki cookies zazwyczaj zawieraj\u0105 nazw\u0119 strony internetowej, z kt\u00f3rej pochodz\u0105, czas przechowywania ich na urz\u0105dzeniu ko\u0144cowym oraz unikalny identyfikator. <\/span>\n\t\t\t\t\t\t\t\t\t<\/li>\n\t\t\t\t\t\t\t\t<li class=\"elementor-icon-list-item\">\n\t\t\t\t\t\t\t\t\t\t\t<span class=\"elementor-icon-list-icon\">\n\t\t\t\t\t\t\t<i aria-hidden=\"true\" class=\"fas fa-check-circle\"><\/i>\t\t\t\t\t\t<\/span>\n\t\t\t\t\t\t\t\t\t\t<span class=\"elementor-icon-list-text\">Administrator wykorzystuje pliki typu cookies w celu pozyskania informacji zwi\u0105zanych z korzystaniem ze strony internetowej przez u\u017cytkownik\u00f3w i nie gromadzi w spos\u00f3b automatyczny \u017cadnych innych informacji o u\u017cytkowniku Strony internetowej. Dzia\u0142ania te nie s\u0142u\u017c\u0105 przetwarzaniu danych osobowych.<\/span>\n\t\t\t\t\t\t\t\t\t<\/li>\n\t\t\t\t\t\t<\/ul>\n\t\t\t\t<\/div>\n\t\t\t\t<\/div>\n\t\t\t\t<div class=\"elementor-element elementor-element-2e40f30 elementor-widget elementor-widget-text-editor\" data-id=\"2e40f30\" data-element_type=\"widget\" data-widget_type=\"text-editor.default\">\n\t\t\t\t<div class=\"elementor-widget-container\">\n\t\t\t\t\t\t\t\t<div class=\"elementor-text-editor elementor-clearfix\">\n\t\t\t\t<p>Na Stronie internetowej administratora pliki cookies wykorzystywane s\u0105 w celu:<\/p><ul><li>dostosowania\u200b zawarto\u015bci strony internetowej do preferencji u\u017cytkownika oraz optymalizacji korzystania ze stron internetowych, przede wszystkim pliki te pozwalaj\u0105 rozpozna\u0107 urz\u0105dzenie u\u017cytkownika strony i odpowiednio wy\u015bwietli\u0107 j\u0105 tak aby by\u0142a dostosowana do jego indywidualnych potrzeb,<\/li><li>tworzenia\u200b statystyk, kt\u00f3re pomagaj\u0105 zrozumie\u0107, w jaki spos\u00f3b u\u017cytkownicy strony korzystaj\u0105 ze stron internetowych, co umo\u017cliwia ulepszanie ich struktury i zawarto\u015bci,<\/li><li>utrzymania\u200b sesji u\u017cytkownika Strony internetowej (po zalogowaniu), dzi\u0119ki kt\u00f3rej u\u017cytkownik nie musi na ka\u017cdej podstronie Strony internetowej ponownie wpisywa\u0107 loginu i has\u0142a.<\/li><\/ul><p>\u00a0<\/p><p>Czynno\u015bci zwi\u0105zane z przechowywaniem i wysy\u0142aniem ciasteczek s\u0105 obs\u0142ugiwane przez przegl\u0105darki internetowe i s\u0105 niewidoczne dla u\u017cytkownika. Wi\u0119kszo\u015b\u0107 u\u017cywanych przegl\u0105darek domy\u015blnie akceptuje pliki cookies;<\/p><ol><li>U\u017cytkownik mo\u017ce zmieni\u0107 warunki przechowywania lub otrzymywania plik\u00f3w cookies, w tym wy\u0142\u0105czy\u0107 pliki cookies poprzez konfiguracj\u0119 ustawie\u0144 w przegl\u0105darkach internetowych.<\/li><li>Zanim zmienisz domy\u015blne ustawienia przegl\u0105darki internetowej pami\u0119taj, \u017ce wiele ciasteczek pomaga w wygodnym korzystaniu ze strony. Wy\u0142\u0105czenie ciasteczek mo\u017ce mie\u0107 wp\u0142yw na to jak b\u0119dzie si\u0119 wy\u015bwietla\u0107 nasza strona w Twojej przegl\u0105darce internetowej oraz mo\u017ce spowodowa\u0107 utrat\u0119 dost\u0119pu do niekt\u00f3rych jej funkcji.<\/li><li>Administrator informuje, \u017ce w momencie po\u0142\u0105czenia si\u0119 przez u\u017cytkownika ze stron\u0105, w logach systemowych pojawiaj\u0105 si\u0119 informacje o numerze (w tym IP) i rodzaju urz\u0105dzenia ko\u0144cowego u\u017cytkownika, a tak\u017ce czasu po\u0142\u0105czenia ze Stron\u0105 internetow\u0105 oraz inne dane eksploatacyjne dotycz\u0105ce aktywno\u015bci u\u017cytkownika w Serwisie. Strona internetowa wykorzystuje nast\u0119puj\u0105ce pliki cookies: \u2212 JSESSIONID -sesyjny plik cookie, kt\u00f3ry tworzony jest i istnieje tylko w czasie trwania sesji przegl\u0105darki. Jest on niezb\u0119dny dla prawid\u0142owego dzia\u0142ania Strony internetowej, \u2212 utma -plik zapisywany na dysku komputera podczas pierwszych odwiedzin danej witryny. Plik zawiera unikalny numer identyfikacyjny, za pomoc\u0105 kt\u00f3rego narz\u0119dzie analityczne potrafi okre\u015bli\u0107 unikalnego i nowego u\u017cytkownika, \u2212 utmb \u2013plik cookie _utmb jest odpowiedzialny za przechowywanie informacji na temat danej wizyty na stronie, \u2212 utmc \u2013plik cookie wsp\u00f3\u0142pracuj\u0105cy z _utmb, kt\u00f3rego zadaniem jest ustalenie, czy nale\u017cy rozpocz\u0105\u0107 \u015bledzenie nowych odwiedzin, czy te\u017c zbierane dane powinny zosta\u0107 zaliczone do istniej\u0105cych odwiedzin, \u2212 utmz \u2013plik cookie zawieraj\u0105cy informacj\u0119 na temat \u017ar\u00f3de\u0142 odwiedzin. Dzi\u0119ki niemu mo\u017cliwe jest policzenie m.in. odwiedzin z wyszukiwarek.<\/li><\/ol>\t\t\t\t\t<\/div>\n\t\t\t\t\t\t<\/div>\n\t\t\t\t<\/div>\n\t\t\t\t<div class=\"elementor-element elementor-element-a248c2c elementor-widget elementor-widget-spacer\" data-id=\"a248c2c\" data-element_type=\"widget\" data-widget_type=\"spacer.default\">\n\t\t\t\t<div class=\"elementor-widget-container\">\n\t\t\t\t\t<div class=\"elementor-spacer\">\n\t\t\t<div class=\"elementor-spacer-inner\"><\/div>\n\t\t<\/div>\n\t\t\t\t<\/div>\n\t\t\t\t<\/div>\n\t\t\t\t\t\t<\/div>\n\t\t\t\t\t<\/div>\n\t\t<\/div>\n\t\t\t\t\t\t\t\t<\/div>\n\t\t\t\t\t<\/div>\n\t\t<\/section>\n\t\t\t\t<section class=\"elementor-section elementor-top-section elementor-element elementor-element-60d5f9d elementor-section-stretched elementor-section-boxed elementor-section-height-default elementor-section-height-default\" data-id=\"60d5f9d\" data-element_type=\"section\" data-settings=\"{&quot;stretch_section&quot;:&quot;section-stretched&quot;}\">\n\t\t\t\t\t\t<div class=\"elementor-container elementor-column-gap-default\">\n\t\t\t\t\t\t\t<div class=\"elementor-row\">\n\t\t\t\t\t<div class=\"elementor-column elementor-col-100 elementor-top-column elementor-element elementor-element-b03a4c0\" data-id=\"b03a4c0\" data-element_type=\"column\" data-settings=\"{&quot;background_background&quot;:&quot;classic&quot;}\">\n\t\t\t<div class=\"elementor-column-wrap elementor-element-populated\">\n\t\t\t\t\t\t\t<div class=\"elementor-widget-wrap\">\n\t\t\t\t\t\t<section class=\"elementor-section elementor-inner-section elementor-element elementor-element-9ca6049 elementor-section-full_width elementor-section-height-default elementor-section-height-default\" data-id=\"9ca6049\" data-element_type=\"section\">\n\t\t\t\t\t\t<div class=\"elementor-container elementor-column-gap-default\">\n\t\t\t\t\t\t\t<div class=\"elementor-row\">\n\t\t\t\t\t<div class=\"elementor-column elementor-col-50 elementor-inner-column elementor-element elementor-element-91db837\" data-id=\"91db837\" data-element_type=\"column\">\n\t\t\t<div class=\"elementor-column-wrap elementor-element-populated\">\n\t\t\t\t\t\t\t<div class=\"elementor-widget-wrap\">\n\t\t\t\t\t\t<div class=\"elementor-element elementor-element-dd832ba elementor-widget elementor-widget-section-title-addons\" data-id=\"dd832ba\" data-element_type=\"widget\" data-widget_type=\"section-title-addons.default\">\n\t\t\t\t<div class=\"elementor-widget-container\">\n\t\t\t            <div class=\"text-center section-title default-style\">\n                <h1 class=\"section-title-txt\">Znajd\u017a ubezpieczenie dla siebie, zadzwo\u0144 ju\u017c dzi\u015b!<\/h1>            <\/div>\n        \t\t<\/div>\n\t\t\t\t<\/div>\n\t\t\t\t\t\t<\/div>\n\t\t\t\t\t<\/div>\n\t\t<\/div>\n\t\t\t\t<div class=\"elementor-column elementor-col-50 elementor-inner-column elementor-element elementor-element-33646cf\" data-id=\"33646cf\" data-element_type=\"column\">\n\t\t\t<div class=\"elementor-column-wrap elementor-element-populated\">\n\t\t\t\t\t\t\t<div class=\"elementor-widget-wrap\">\n\t\t\t\t\t\t<div class=\"elementor-element elementor-element-5a6cfd6 elementor-widget elementor-widget-heading\" data-id=\"5a6cfd6\" data-element_type=\"widget\" data-widget_type=\"heading.default\">\n\t\t\t\t<div class=\"elementor-widget-container\">\n\t\t\t<h2 class=\"elementor-heading-title elementor-size-default\">Skontaktuj si\u0119 z nami<br\/>\n<img src=\"http:\/\/consulting-expert.pl\/wp-content\/uploads\/2020\/11\/borderline.png\" alt=\"decorator\"><\/h2>\t\t<\/div>\n\t\t\t\t<\/div>\n\t\t\t\t<div class=\"elementor-element elementor-element-324914b elementor-widget elementor-widget-heading\" data-id=\"324914b\" data-element_type=\"widget\" data-widget_type=\"heading.default\">\n\t\t\t\t<div class=\"elementor-widget-container\">\n\t\t\t<h2 class=\"elementor-heading-title elementor-size-default\">+48 664 522 909<\/h2>\t\t<\/div>\n\t\t\t\t<\/div>\n\t\t\t\t\t\t<\/div>\n\t\t\t\t\t<\/div>\n\t\t<\/div>\n\t\t\t\t\t\t\t\t<\/div>\n\t\t\t\t\t<\/div>\n\t\t<\/section>\n\t\t\t\t\t\t<\/div>\n\t\t\t\t\t<\/div>\n\t\t<\/div>\n\t\t\t\t\t\t\t\t<\/div>\n\t\t\t\t\t<\/div>\n\t\t<\/section>\n\t\t\t\t\t\t<\/div>\n\t\t\t\t\t\t<\/div>\n\t\t\t\t\t<\/div>\n\t\t","protected":false},"excerpt":{"rendered":"<p>Pliki cookies pliki cookies (tzw. \u201eciasteczka\u201d) stanowi\u0105 dane informatyczne, w szczeg\u00f3lno\u015bci pliki tekstowe, kt\u00f3re przechowywane s\u0105 w urz\u0105dzeniu ko\u0144cowym u\u017cytkownika Strony internetowej i przeznaczone s\u0105 do korzystania z niej. Pliki cookies zazwyczaj zawieraj\u0105 nazw\u0119 strony internetowej, z kt\u00f3rej pochodz\u0105, czas przechowywania ich na urz\u0105dzeniu ko\u0144cowym oraz unikalny identyfikator. Administrator wykorzystuje pliki typu cookies w celu [&hellip;]<\/p>\n","protected":false},"author":1,"featured_media":0,"parent":0,"menu_order":0,"comment_status":"closed","ping_status":"closed","template":"","meta":[],"_links":{"self":[{"href":"https:\/\/consulting-expert.pl\/index.php\/wp-json\/wp\/v2\/pages\/2173"}],"collection":[{"href":"https:\/\/consulting-expert.pl\/index.php\/wp-json\/wp\/v2\/pages"}],"about":[{"href":"https:\/\/consulting-expert.pl\/index.php\/wp-json\/wp\/v2\/types\/page"}],"author":[{"embeddable":true,"href":"https:\/\/consulting-expert.pl\/index.php\/wp-json\/wp\/v2\/users\/1"}],"replies":[{"embeddable":true,"href":"https:\/\/consulting-expert.pl\/index.php\/wp-json\/wp\/v2\/comments?post=2173"}],"version-history":[{"count":4,"href":"https:\/\/consulting-expert.pl\/index.php\/wp-json\/wp\/v2\/pages\/2173\/revisions"}],"predecessor-version":[{"id":2201,"href":"https:\/\/consulting-expert.pl\/index.php\/wp-json\/wp\/v2\/pages\/2173\/revisions\/2201"}],"wp:attachment":[{"href":"https:\/\/consulting-expert.pl\/index.php\/wp-json\/wp\/v2\/media?parent=2173"}],"curies":[{"name":"wp","href":"https:\/\/api.w.org\/{rel}","templated":true}]}}